{"id":202,"date":"2017-09-06T12:54:22","date_gmt":"2017-09-06T12:54:22","guid":{"rendered":"https:\/\/soul-creations.de\/?page_id=202"},"modified":"2020-05-14T08:34:27","modified_gmt":"2020-05-14T08:34:27","slug":"tosimpressum","status":"publish","type":"page","link":"https:\/\/wacky-worse-workshop.de\/?page_id=202","title":{"rendered":"TOS\/Impressum\/Datenschutz"},"content":{"rendered":"<p align=\"LEFT\"><span style=\"color: #000000;\"><span style=\"font-family: Calibri,sans-serif;\"><span style=\"font-size: medium;\"><b>1. Bestellung<\/b><\/span><\/span><\/span><\/p>\n<p align=\"LEFT\"><span style=\"color: #000000;\"><span style=\"font-family: Calibri,sans-serif;\"><span style=\"font-size: medium;\"><b>2. Was ich f\u00fcr Fursuits ben\u00f6tige<\/b><\/span><\/span><\/span><\/p>\n<p align=\"LEFT\"><span style=\"color: #000000;\"><span style=\"font-family: Calibri,sans-serif;\"><span style=\"font-size: medium;\"><b>3. Bezahlung<\/b><\/span><\/span><\/span><\/p>\n<p align=\"LEFT\"><span style=\"color: #000000;\"><span style=\"font-family: Calibri,sans-serif;\"><span style=\"font-size: medium;\"><b>4. Versand<\/b><\/span><\/span><\/span><\/p>\n<p align=\"LEFT\"><span style=\"color: #000000;\"><span style=\"font-family: Calibri,sans-serif;\"><span style=\"font-size: medium;\"><b>5. Wartezeiten<\/b><\/span><\/span><\/span><\/p>\n<p align=\"LEFT\"><span style=\"color: #000000;\"><span style=\"font-family: Calibri,sans-serif;\"><span style=\"font-size: medium;\"><b>6. Verhaltensregeln und Konsequenze <\/b><\/span><\/span><\/span><\/p>\n<p align=\"LEFT\"><span style=\"color: #000000;\"><span style=\"font-family: Calibri,sans-serif;\"><span style=\"font-size: medium;\"><b><strong>7.Datenschutz<br \/>\n<\/strong><\/b><\/span><\/span><\/span><\/p>\n<p align=\"LEFT\"><span style=\"color: #000000;\"><span style=\"font-family: Calibri,sans-serif;\"><span style=\"font-size: medium;\"><b>1.Bestellung<\/b><\/span><\/span><\/span><\/p>\n<p align=\"LEFT\"><span style=\"color: #000000;\"><span style=\"font-family: Calibri,sans-serif;\"><span style=\"font-size: medium;\">Verkauf nur an Personen, die das 18. Lebensjahr vollendet haben oder eine schriftliche Einwilligung der Eltern vorlegen k\u00f6nnen.<\/span><\/span><\/span><\/p>\n<p align=\"LEFT\"><span style=\"color: #000000;\"><span style=\"font-family: Calibri,sans-serif;\"><span style=\"font-size: medium;\"><b>2.Was ich f\u00fcr den Fursuits brauche<\/b><\/span><\/span><\/span><\/p>\n<p align=\"LEFT\"><span style=\"color: #000000;\"><span style=\"font-family: Calibri,sans-serif;\"><span style=\"font-size: medium;\">-Tapedummy vom K\u00f6rper incl F\u00fc\u00dfe, H\u00e4nde und Kopf (mit Markierung wo der Tail hin soll)<\/span><\/span><\/span><\/p>\n<p align=\"LEFT\"><span style=\"color: #000000;\"><span style=\"font-family: Calibri,sans-serif;\"><span style=\"font-size: medium;\">-Referenzbild des Charakters<\/span><\/span><\/span><\/p>\n<p align=\"LEFT\"><span style=\"color: #000000;\"><span style=\"font-family: Calibri,sans-serif;\"><span style=\"font-size: medium;\">-Schuhgr\u00f6\u00dfe<\/span><\/span><\/span><\/p>\n<p align=\"LEFT\"><span style=\"color: #000000;\"><span style=\"font-family: Calibri,sans-serif;\"><span style=\"font-size: medium;\">-ein Abdruck eurer H\u00e4nde (Finger gespreizt)<\/span><\/span><\/span><\/p>\n<p align=\"LEFT\"><span style=\"color: #000000;\"><span style=\"font-family: Calibri,sans-serif;\"><span style=\"font-size: medium;\"><b>3.Bezahlung<\/b><\/span><\/span><\/span><\/p>\n<p align=\"LEFT\"><span style=\"color: #000000;\"><span style=\"font-family: Calibri,sans-serif;\"><span style=\"font-size: medium;\">Bezahlungsarten: \u00dcberweisung, Bar, Paypal (+2% Paypalgeb\u00fchren).<\/span><\/span><\/span><\/p>\n<p align=\"LEFT\"><span style=\"color: #000000;\"><span style=\"font-family: Calibri,sans-serif;\"><span style=\"font-size: medium;\">Anzahlung: mindestens 30% des Gesammtpreises (diese beinhalten Bearbeitungsgeb\u00fchr, Slotreservierung und erste Materialkosten) Diese Anzahlung kann<\/span><\/span><\/span><\/p>\n<p align=\"LEFT\"><span style=\"color: #000000;\"><span style=\"font-family: Calibri,sans-serif;\"><span style=\"font-size: medium;\">bei einer Stornierung <b>NICHT <\/b>erstattet werden! Nur die bereits gekauften Materialien k\u00f6nnen zugeschickt werden.<\/span><\/span><\/span><\/p>\n<p align=\"LEFT\"><span style=\"color: #000000;\"><span style=\"font-family: Calibri,sans-serif;\"><span style=\"font-size: medium;\">Da es sich hierbei auch um eine Ma\u00dfanfertigung handelt, ist <b>KEINE <\/b>R\u00fcckerstattung m\u00f6glich, lediglich eine Nachbesserung.<\/span><\/span><\/span><\/p>\n<p align=\"LEFT\"><span style=\"color: #000000;\"><span style=\"font-family: Calibri,sans-serif;\"><span style=\"font-size: medium;\">Die Ware bleibt in meinem Besitz, bis sie vollkommen abbezahlt wurde.<\/span><\/span><\/span><\/p>\n<p align=\"LEFT\"><span style=\"color: #000000;\"><span style=\"font-family: Calibri,sans-serif;\"><span style=\"font-size: medium;\">Die letzte Rate muss daher VOR dem Versand erfolgen.<\/span><\/span><\/span><\/p>\n<p align=\"LEFT\"><span style=\"color: #000000;\"><span style=\"font-family: Calibri,sans-serif;\"><span style=\"font-size: medium;\">Nachbesserungen m\u00fcssen innerhalb von 14 Tagen gemeldet werden, und die Ware muss im Originalzustand oder zumindest ordnungsgem\u00e4\u00df gereinigt<\/span><\/span><\/span><\/p>\n<p align=\"LEFT\"><span style=\"color: #000000;\"><span style=\"font-family: Calibri,sans-serif;\"><span style=\"font-size: medium;\">zur\u00fcck gesendet werden. Bereits eigenh\u00e4ndig modifizierte Sachen werden postwendend zur\u00fcck gesendet und der Anspruch auf Nachbesserung erlischt.<\/span><\/span><\/span><\/p>\n<p align=\"LEFT\"><span style=\"color: #000000;\"><span style=\"font-family: Calibri,sans-serif;\"><span style=\"font-size: medium;\">Eine Ratenzahlung ist ebenfalls m\u00f6glich,die Auslieferung erfolgt erst NACH vollst\u00e4ndiger Abbezahlung. Kein vorheriger Versand von Einzelteilen m\u00f6glich.<\/span><\/span><\/span><\/p>\n<p align=\"LEFT\"><span style=\"color: #000000;\"><span style=\"font-family: Calibri,sans-serif;\"><span style=\"font-size: medium;\"><b>4.Versand<\/b><\/span><\/span><\/span><\/p>\n<p align=\"LEFT\"><span style=\"color: #000000;\"><span style=\"font-family: Calibri,sans-serif;\"><span style=\"font-size: medium;\">Versand erfolgt \u00fcber DHL nach vollst\u00e4ndiger Bezahlung. Versandkosten werden individuell berechnet.<\/span><\/span><\/span><\/p>\n<p align=\"LEFT\"><span style=\"color: #000000;\"><span style=\"font-family: Calibri,sans-serif;\"><span style=\"font-size: medium;\"><b>5.Wartezeiten<\/b><\/span><\/span><\/span><\/p>\n<p align=\"LEFT\"><span style=\"color: #000000;\"><span style=\"font-family: Calibri,sans-serif;\"><span style=\"font-size: medium;\">Wartezeiten werden individuell besprochen, sind aber keine Garantie!<\/span><\/span><\/span><\/p>\n<p align=\"LEFT\"><span style=\"color: #000000;\"><span style=\"font-family: Calibri,sans-serif;\"><span style=\"font-size: medium;\"><b>6.Verhaltensregeln und Konsequenzen<\/b><\/span><\/span><\/span><\/p>\n<p align=\"LEFT\"><span style=\"font-family: Calibri,sans-serif;\"><span style=\"font-size: medium;\">Bei sittenwidrigem Verhalten (Erpressung, Drohung, Stalking etc.) wird der Auftrag storniert und die bis dato gefertigten Teile , seien sie fertig oder nicht, dem<\/span><\/span><\/p>\n<p align=\"LEFT\"><span style=\"font-family: Calibri,sans-serif;\"><span style=\"font-size: medium;\">Besitzer zugeschickt (vorausgesetzt, der bereits bezahlte Betrag entspricht dem Wert der Ware, andernfalls werden Teile einbehalten oder eine Nachzahlung<\/span><\/span><\/p>\n<p><span style=\"font-family: Calibri,sans-serif;\"><span style=\"font-size: medium;\">gefordert!).<\/span><\/span><\/p>\n<p><span style=\"font-family: Quebec\\ semi\\ bold, serif;\"><span style=\"font-size: xx-large;\">Datenschutzerkl\u00e4rung<\/span><\/span><\/p>\n<p><span style=\"font-size: medium;\"><b>Verantwortlich im Sinne der Datenschutzgesetzes:<\/b><\/span><\/p>\n<p><a name=\"_GoBack\"><\/a><span style=\"color: #000000;\"><span style=\"font-size: small;\"><b>Soul Creations<\/b><\/span><\/span><\/p>\n<p><span style=\"color: #000000;\"><span style=\"font-size: small;\"><b>Nina M\u00fcller<\/b><\/span><\/span><\/p>\n<p><span style=\"color: #000000;\"><span style=\"font-size: small;\"><b>Elpenr\u00f6der Str. 3<\/b><\/span><\/span><\/p>\n<p><span style=\"color: #000000;\"><span style=\"font-size: small;\"><b>35329 Hainbach<\/b><\/span><\/span><\/p>\n<p>&nbsp;<\/p>\n<p><span style=\"color: #000000;\"><span style=\"font-size: small;\"><b>Soul Creations<\/b><\/span><\/span> <span style=\"font-size: small;\">nimmt den Schutz Ihrer Daten sehr ernst.<\/span><\/p>\n<p><span style=\"font-size: small;\">Wir erheben und verarbeiten Ihre personenbezogenen Daten ausschlie\u00dflich unter Beachtung der geltenden datenschutzrechtlichen Bestimmungen und Ihre Daten werden von uns weder ver\u00f6ffentlicht noch unberechtigt an Dritte weitergegeben.<\/span><\/p>\n<p>&nbsp;<\/p>\n<p><span style=\"font-size: medium;\"><b>Personenbezogene Daten<\/b><\/span><\/p>\n<p><span style=\"font-size: small;\">Personenbezogene Daten sind alle Informationen, die sich auf eine identifizierte oder identifizierbare nat\u00fcrliche Person (\u201ebetroffene Person\u201c) beziehen.<\/span><\/p>\n<p><span style=\"font-family: Helvetica, serif;\"><span style=\"font-size: small;\">Als identifizierbar wird eine nat\u00fcrliche Person angesehen, die direkt oder indirekt, insbesondere mittels Zuordnung zu einer Kennung wie einem Namen, zu einer Kennnummer, zu Standortdaten, zu einer Online-Kennung oder zu einem oder mehreren besonderen Merkmalen identifiziert werden kann, die Ausdruck der physischen, physiologischen, genetischen, psychischen, wirtschaftlichen, kulturellen oder sozialen Identit\u00e4t dieser nat\u00fcrlichen Person sind.<\/span><\/span><\/p>\n<p><span style=\"font-size: small;\">Diese k\u00f6nnen z.B. Name, Anschrift, Geburtsdatum oder Telefonnummer sein.<\/span><\/p>\n<p>&nbsp;<\/p>\n<p><span style=\"font-size: medium;\"><b>Datenerhebung und -verarbeitung<\/b><\/span><\/p>\n<p><span style=\"color: #000000;\"><span style=\"font-size: small;\">Die Verarbeitung der personenbezogenen Daten erfolgt ausschlie\u00dflich auf der Grundlage, der Europ\u00e4ischen Datenschutzgrundverordnung, des Bundes-\/Landesdatenschutzgesetzes und des Telemedien- bzw. Telekommunikationsgesetzes.<\/span><\/span><\/p>\n<p>&nbsp;<\/p>\n<p><span style=\"font-size: medium;\"><b>Nutzung und Weitergabe personenbezogener Daten<\/b><\/span><\/p>\n<p><span style=\"font-size: small;\">Jegliche Nutzung Ihrer personenbezogenen Daten erfolgt nur zu den jeweiligen Zwecken und in dem zur Erreichung dieser Zwecke erforderlichen Umfang.<\/span><\/p>\n<p><span style=\"font-size: small;\">\u00dcbermittlungen personenbezogener Daten an andere staatliche Einrichtungen, Beh\u00f6rden oder \u00c4mter erfolgt nur im Rahmen zwingender nationaler Rechtsvorschriften oder wenn die Weitergabe im Fall von Angriffen auf unsere Netzinfrastruktur zur Rechts- oder Strafverfolgung zwingend erforderlich ist. <\/span><\/p>\n<p><span style=\"color: #000000;\"><span style=\"font-size: small;\">Eine Weitergabe an Dritte oder Staaten au\u00dferhalb der Europ\u00e4ischen Union zu anderen Zwecken findet nicht statt.<\/span><\/span><\/p>\n<p>&nbsp;<\/p>\n<p><span style=\"font-size: medium;\"><b>Sicherheit<\/b><\/span><\/p>\n<p><span style=\"font-size: small;\"><b>Soul Creations<\/b><\/span><span style=\"font-size: small;\"> setzt ausreichende Sicherheitsma\u00dfnahmen ein, um Ihre durch uns verwalteten personenbezogenen Daten gegen zuf\u00e4llige oder vors\u00e4tzliche Manipulation, Verlust, Zerst\u00f6rung oder gegen den Zugriff bzw. die Kenntniserlangung unberechtigter Personen zu sch\u00fctzen. <\/span><\/p>\n<p>&nbsp;<\/p>\n<p><span style=\"font-size: medium;\"><b>Cookies<\/b><\/span><\/p>\n<p><span style=\"font-size: small;\">Cookies sind Informationen, die automatisch nach strengen Regeln und mit f\u00fcr Sie \u00fcberpr\u00fcfbarem <\/span><span style=\"color: #000000;\"><span style=\"font-size: small;\">Inhalt auf Ihrem Rechner abgelegt werden. Sie sind unsch\u00e4dlich f\u00fcr Ihren Rechner und virenfrei und dienen dazu, Internet-Angebote f\u00fcr die Besucher einer Webseite freundlicher, effektiver und sicherer zu machen. Cookies sind kleine Textdateien, die auf Ihrem Computer abgelegt werden und die Ihr Browser verwendet.<\/span><\/span><\/p>\n<p><span style=\"font-size: small;\">Wir verwenden Cookies ausschlie\u00dflich, um Ihnen eine bequeme Nutzung unserer Internetangebote zu erm\u00f6glichen. Personenbezogene Nutzerprofile werden nicht erstellt.<\/span><\/p>\n<p>&nbsp;<\/p>\n<p><span style=\"font-size: medium;\"><b>Links zu anderen Websites<\/b><\/span><\/p>\n<p><span style=\"font-size: small;\">Unsere Webseiten k\u00f6nnen Links zu Webseiten anderer Anbieter enthalten. Da diese Webseiten nicht unserem Einfluss unterliegen, k\u00f6nnen wir keinerlei Verantwortung f\u00fcr deren Inhalt sowie deren Datenschutzregelungen \u00fcbernehmen. <\/span><\/p>\n<p><span style=\"font-size: small;\">Wir weisen darauf hin, dass diese Datenschutzerkl\u00e4rung ausschlie\u00dflich f\u00fcr unsere Webseiten gilt.<\/span><\/p>\n<p>&nbsp;<\/p>\n<p><span style=\"color: #000000;\"><span style=\"font-size: medium;\"><b>Recht auf Auskunft, Berichtigung, L\u00f6schung und Sperrung<\/b><\/span><\/span><\/p>\n<p><span style=\"color: #000000;\"><span style=\"font-size: small;\">Zu jedem Zeitpunkt k\u00f6nnen Sie sich \u00fcber die personenbezogenen Daten, deren Herkunft und Empf\u00e4nger und den Nutzen der Datenverarbeitung informieren und unentgeltlich eine Korrektur, Sperrung oder L\u00f6schung dieser Daten verlangen. Bitte nutzen Sie daf\u00fcr die im Impressum angegebenen Kontaktwege.<\/span><\/span><\/p>\n<p>&nbsp;<\/p>\n<p><span style=\"font-size: small;\">Sollten Sie mit uns per E-Mail in Kontakt treten wollen, so weisen wir darauf hin, dass der Inhalt unverschl\u00fcsselter Mails von Dritten eingesehen werden kann. <\/span><\/p>\n<p>&nbsp;<\/p>\n<p><span style=\"font-size: medium;\"><b>G\u00fcltigkeit und Aktualit\u00e4t der Datenschutzerkl\u00e4rung<\/b><\/span><\/p>\n<p><span style=\"font-size: small;\">Die Datenschutzerkl\u00e4rung ist aktuell g\u00fcltig und datiert vom <\/span><span style=\"color: #000000;\"><span style=\"font-size: small;\">13.03.2018.<\/span><\/span><\/p>\n<p><span style=\"color: #000000;\"><span style=\"font-size: small;\">Durch die Weiterentwicklung unserer Webseiten oder die Implementierung neuer Technologien kann es notwendig werden, diese Datenschutzerkl\u00e4rung zu \u00e4ndern, damit sie den aktuellen rechtlichen Anforderungen entspricht oder um \u00c4nderungen unserer Dienstleistungen umzusetzen, z. B. bei der Einf\u00fcgung neuer Angebote<\/span><\/span><span style=\"color: #000000;\">.<\/span><\/p>\n<p><span style=\"color: #000000;\"><span style=\"font-size: small;\"><b>Soul Creations<\/b><\/span><\/span> <span style=\"font-size: small;\">beh\u00e4lt sich vor, die Datenschutzerkl\u00e4rung jederzeit mit Wirkung f\u00fcr die Zukunft zu \u00e4ndern. Wir empfehlen Ihnen, sich die aktuelle Datenschutzerkl\u00e4rung von Zeit zu Zeit erneut durchzulesen.<\/span><\/p>\n<p>&nbsp;<\/p>\n<p><strong>Impressum:<\/strong><\/p>\n<p>Nina M\u00fcller<\/p>\n<p>Elpenr\u00f6der Str. 3<\/p>\n<p>35329 Hainbach<\/p>\n<h6><span style=\"font-size: xx-small;\">Umsatzsteuerfrei aufgrund der Kleinunternehmerregelung gem\u00e4\u00df \u00a7 19 UStG.<\/span><\/h6>\n","protected":false},"excerpt":{"rendered":"<p>1. Bestellung 2. Was ich f\u00fcr Fursuits ben\u00f6tige 3. Bezahlung 4. Versand 5. Wartezeiten 6. Verhaltensregeln und Konsequenze 7.Datenschutz 1.Bestellung Verkauf nur an Personen, die das 18. Lebensjahr vollendet haben oder eine schriftliche Einwilligung der Eltern vorlegen k\u00f6nnen. 2.Was ich f\u00fcr den Fursuits brauche -Tapedummy vom K\u00f6rper incl F\u00fc\u00dfe, H\u00e4nde und Kopf (mit Markierung wo &hellip; <\/p>\n<p class=\"link-more\"><a href=\"https:\/\/wacky-worse-workshop.de\/?page_id=202\" class=\"more-link\"><span class=\"screen-reader-text\">\u201eTOS\/Impressum\/Datenschutz\u201c <\/span>weiterlesen<\/a><\/p>\n","protected":false},"author":1,"featured_media":0,"parent":0,"menu_order":7,"comment_status":"closed","ping_status":"closed","template":"","meta":{"footnotes":""},"class_list":["post-202","page","type-page","status-publish","hentry"],"_links":{"self":[{"href":"https:\/\/wacky-worse-workshop.de\/index.php?rest_route=\/wp\/v2\/pages\/202","targetHints":{"allow":["GET"]}}],"collection":[{"href":"https:\/\/wacky-worse-workshop.de\/index.php?rest_route=\/wp\/v2\/pages"}],"about":[{"href":"https:\/\/wacky-worse-workshop.de\/index.php?rest_route=\/wp\/v2\/types\/page"}],"author":[{"embeddable":true,"href":"https:\/\/wacky-worse-workshop.de\/index.php?rest_route=\/wp\/v2\/users\/1"}],"replies":[{"embeddable":true,"href":"https:\/\/wacky-worse-workshop.de\/index.php?rest_route=%2Fwp%2Fv2%2Fcomments&post=202"}],"version-history":[{"count":5,"href":"https:\/\/wacky-worse-workshop.de\/index.php?rest_route=\/wp\/v2\/pages\/202\/revisions"}],"predecessor-version":[{"id":206,"href":"https:\/\/wacky-worse-workshop.de\/index.php?rest_route=\/wp\/v2\/pages\/202\/revisions\/206"}],"wp:attachment":[{"href":"https:\/\/wacky-worse-workshop.de\/index.php?rest_route=%2Fwp%2Fv2%2Fmedia&parent=202"}],"curies":[{"name":"wp","href":"https:\/\/api.w.org\/{rel}","templated":true}]}}